{"id":4629,"date":"2026-03-27T11:58:55","date_gmt":"2026-03-27T10:58:55","guid":{"rendered":"https:\/\/www.newjump.com\/montelimar\/?page_id=4629"},"modified":"2026-03-27T12:00:06","modified_gmt":"2026-03-27T11:00:06","slug":"carte-de-fidelite","status":"publish","type":"page","link":"https:\/\/www.newjump.com\/montelimar\/carte-de-fidelite\/","title":{"rendered":"Carte de fid\u00e9lit\u00e9"},"content":{"rendered":"\t\t<div data-elementor-type=\"wp-page\" data-elementor-id=\"4629\" class=\"elementor elementor-4629\" data-elementor-post-type=\"page\">\n\t\t\t\t<div class=\"elementor-element elementor-element-ddca659 e-flex e-con-boxed e-con e-parent\" data-id=\"ddca659\" data-element_type=\"container\">\n\t\t\t\t\t<div class=\"e-con-inner\">\n\t\t\t\t<div class=\"elementor-element elementor-element-a4d8c8a elementor-widget elementor-widget-text-editor\" data-id=\"a4d8c8a\" data-element_type=\"widget\" data-widget_type=\"text-editor.default\">\n\t\t\t\t<div class=\"elementor-widget-container\">\n\t\t\t<style>\/*! elementor - v3.23.0 - 05-08-2024 *\/\n.elementor-widget-text-editor.elementor-drop-cap-view-stacked .elementor-drop-cap{background-color:#69727d;color:#fff}.elementor-widget-text-editor.elementor-drop-cap-view-framed .elementor-drop-cap{color:#69727d;border:3px solid;background-color:transparent}.elementor-widget-text-editor:not(.elementor-drop-cap-view-default) .elementor-drop-cap{margin-top:8px}.elementor-widget-text-editor:not(.elementor-drop-cap-view-default) .elementor-drop-cap-letter{width:1em;height:1em}.elementor-widget-text-editor .elementor-drop-cap{float:left;text-align:center;line-height:1;font-size:50px}.elementor-widget-text-editor .elementor-drop-cap-letter{display:inline-block}<\/style>\t\t\t\t<p class=\"MuiTypography-root MuiTypography-body1 MuiTypography-paragraph css-1dv3cs7\">Vous adorez sauter chez New Jump Mont\u00e9limar ? Notre carte de fid\u00e9lit\u00e9 est faite pour vous !<\/p><p class=\"MuiTypography-root MuiTypography-body1 MuiTypography-paragraph css-1dv3cs7\">Avec elle, chaque visite vous rapproche de nouvelles aventures :<\/p><ul><li>Cumulez des points \u00e0 chaque session de jump<\/li><li>Profitez de r\u00e9ductions exclusives sur vos entr\u00e9es<\/li><li>B\u00e9n\u00e9ficiez d\u2019offres sp\u00e9ciales tout au long de l\u2019ann\u00e9e<\/li><li>Acc\u00e9dez en priorit\u00e9 \u00e0 nos \u00e9v\u00e9nements<\/li><\/ul><p class=\"MuiTypography-root MuiTypography-body1 MuiTypography-paragraph css-1dv3cs7\">Que vous soyez un habitu\u00e9 ou une famille en qu\u00eate de fun, notre carte de fid\u00e9lit\u00e9 vous permet de profiter encore plus de nos 800m\u00b2 de trampolines et d\u2019activit\u00e9s vari\u00e9es.<\/p><p class=\"MuiTypography-root MuiTypography-body1 MuiTypography-paragraph css-1dv3cs7\">Demandez votre carte d\u00e8s aujourd\u2019hui \u00e0 l\u2019accueil et commencez \u00e0 gagner des points pour vos prochains sauts !<\/p><p class=\"MuiTypography-root MuiTypography-body1 MuiTypography-paragraph css-1dv3cs7\">Sautez plus, payez moins : c\u2019est \u00e7a la fid\u00e9lit\u00e9 chez New Jump Mont\u00e9limar !<\/p>\t\t\t\t\t\t<\/div>\n\t\t\t\t<\/div>\n\t\t\t\t\t<\/div>\n\t\t\t\t<\/div>\n\t\t<div class=\"elementor-element elementor-element-a6cdecc e-flex e-con-boxed e-con e-parent\" data-id=\"a6cdecc\" data-element_type=\"container\">\n\t\t\t\t\t<div class=\"e-con-inner\">\n\t\t\t\t<div class=\"elementor-element elementor-element-75028d8 elementor-widget elementor-widget-html\" data-id=\"75028d8\" data-element_type=\"widget\" data-widget_type=\"html.default\">\n\t\t\t\t<div class=\"elementor-widget-container\">\n\t\t\t<div class=\"forescape-account\" data-widget-id=\"17b4f815-212e-4da7-830f-807cd2ba1f5e\" data-settings=\"b64.eyJkb21haW4iOiJuZXdqdW1wLW1vbnRlbGltYXIuNGVzY2FwZS5pbyJ9\"><\/div>\t\t<\/div>\n\t\t\t\t<\/div>\n\t\t\t\t\t<\/div>\n\t\t\t\t<\/div>\n\t\t<div class=\"elementor-element elementor-element-700697f e-flex e-con-boxed e-con e-parent\" data-id=\"700697f\" data-element_type=\"container\">\n\t\t\t\t\t<div class=\"e-con-inner\">\n\t\t\t\t<div class=\"elementor-element elementor-element-baa02fa elementor-widget elementor-widget-html\" data-id=\"baa02fa\" data-element_type=\"widget\" data-widget_type=\"html.default\">\n\t\t\t\t<div class=\"elementor-widget-container\">\n\t\t\t<script>!function(){var e=document.createElement(\"link\");e.href=\"https:\/\/widgets.4escape.app\/main.css\",e.rel=\"stylesheet\",e.crossOrigin=\"anonymous\",document.head.appendChild(e);var t=document.createElement(\"script\");t.defer=!0,t.type=\"module\",t.src=\"https:\/\/widgets.4escape.app\/main.js\",document.body.appendChild(t)}();<\/script>\t\t<\/div>\n\t\t\t\t<\/div>\n\t\t\t\t\t<\/div>\n\t\t\t\t<\/div>\n\t\t\t\t<\/div>\n\t\t","protected":false},"excerpt":{"rendered":"<p>Vous adorez sauter chez New Jump Mont\u00e9limar ? Notre carte de fid\u00e9lit\u00e9 est faite pour vous ! Avec elle, chaque visite vous rapproche de nouvelles aventures : Cumulez des points \u00e0 chaque session de jump Profitez de r\u00e9ductions exclusives sur vos entr\u00e9es B\u00e9n\u00e9ficiez d\u2019offres sp\u00e9ciales tout au long de l\u2019ann\u00e9e Acc\u00e9dez en priorit\u00e9 \u00e0 nos [&hellip;]<\/p>\n","protected":false},"author":1,"featured_media":0,"parent":0,"menu_order":0,"comment_status":"closed","ping_status":"closed","template":"","meta":{"_sitemap_exclude":false,"_sitemap_priority":"","_sitemap_frequency":"","site-sidebar-layout":"no-sidebar","site-content-layout":"page-builder","ast-site-content-layout":"full-width-container","site-content-style":"default","site-sidebar-style":"default","ast-global-header-display":"","ast-banner-title-visibility":"","ast-main-header-display":"","ast-hfb-above-header-display":"","ast-hfb-below-header-display":"","ast-hfb-mobile-header-display":"","site-post-title":"disabled","ast-breadcrumbs-content":"","ast-featured-img":"disabled","footer-sml-layout":"","theme-transparent-header-meta":"","adv-header-id-meta":"","stick-header-meta":"","header-above-stick-meta":"","header-main-stick-meta":"","header-below-stick-meta":"","astra-migrate-meta-layouts":"set","ast-page-background-enabled":"default","ast-page-background-meta":{"desktop":{"background-color":"var(--ast-global-color-4)","background-image":"","background-repeat":"repeat","background-position":"center center","background-size":"auto","background-attachment":"scroll","background-type":"","background-media":"","overlay-type":"","overlay-color":"","overlay-opacity":"","overlay-gradient":""},"tablet":{"background-color":"","background-image":"","background-repeat":"repeat","background-position":"center center","background-size":"auto","background-attachment":"scroll","background-type":"","background-media":"","overlay-type":"","overlay-color":"","overlay-opacity":"","overlay-gradient":""},"mobile":{"background-color":"","background-image":"","background-repeat":"repeat","background-position":"center center","background-size":"auto","background-attachment":"scroll","background-type":"","background-media":"","overlay-type":"","overlay-color":"","overlay-opacity":"","overlay-gradient":""}},"ast-content-background-meta":{"desktop":{"background-color":"var(--ast-global-color-5)","background-image":"","background-repeat":"repeat","background-position":"center center","background-size":"auto","background-attachment":"scroll","background-type":"","background-media":"","overlay-type":"","overlay-color":"","overlay-opacity":"","overlay-gradient":""},"tablet":{"background-color":"var(--ast-global-color-5)","background-image":"","background-repeat":"repeat","background-position":"center center","background-size":"auto","background-attachment":"scroll","background-type":"","background-media":"","overlay-type":"","overlay-color":"","overlay-opacity":"","overlay-gradient":""},"mobile":{"background-color":"var(--ast-global-color-5)","background-image":"","background-repeat":"repeat","background-position":"center center","background-size":"auto","background-attachment":"scroll","background-type":"","background-media":"","overlay-type":"","overlay-color":"","overlay-opacity":"","overlay-gradient":""}},"iawp_total_views":18,"footnotes":""},"class_list":["post-4629","page","type-page","status-publish","hentry"],"_links":{"self":[{"href":"https:\/\/www.newjump.com\/montelimar\/wp-json\/wp\/v2\/pages\/4629","targetHints":{"allow":["GET"]}}],"collection":[{"href":"https:\/\/www.newjump.com\/montelimar\/wp-json\/wp\/v2\/pages"}],"about":[{"href":"https:\/\/www.newjump.com\/montelimar\/wp-json\/wp\/v2\/types\/page"}],"author":[{"embeddable":true,"href":"https:\/\/www.newjump.com\/montelimar\/wp-json\/wp\/v2\/users\/1"}],"replies":[{"embeddable":true,"href":"https:\/\/www.newjump.com\/montelimar\/wp-json\/wp\/v2\/comments?post=4629"}],"version-history":[{"count":4,"href":"https:\/\/www.newjump.com\/montelimar\/wp-json\/wp\/v2\/pages\/4629\/revisions"}],"predecessor-version":[{"id":4633,"href":"https:\/\/www.newjump.com\/montelimar\/wp-json\/wp\/v2\/pages\/4629\/revisions\/4633"}],"wp:attachment":[{"href":"https:\/\/www.newjump.com\/montelimar\/wp-json\/wp\/v2\/media?parent=4629"}],"curies":[{"name":"wp","href":"https:\/\/api.w.org\/{rel}","templated":true}]}}